8?
False
Is 114545232 a multiple of 1780?
False
Is 99835220 a multiple of 3?
False
Does 261 divide 499473932?
False
Does 605 divide 45307510?
False
Is 58 a factor of 319397019?
False
Is 126279909 a multiple of 9?
True
Is 20389336 a multiple of 31?
False
Does 122 divide 2691223742?
True
Does 7 divide 39211290?
False
Does 235 divide 99053910?
True
Is 574162432 a multiple of 128?
True
Is 265589995 a multiple of 12?
False
Is 4709 a factor of 364768558?
True
Is 109833649 a multiple of 885?
False
Is 156 a factor of 106655000?
False
Is 758 a factor of 394957320?
False
Is 273743480 a multiple of 8?
True
Is 2767971 a multiple of 3?
True
Is 8559160 a multiple of 168?
False
Is 1817 a factor of 815442992?
False
Is 61992971 a multiple of 263?
False
Does 653 divide 111611271?
False
Does 1598 divide 361372139?
False
Is 34 a factor of 164743271?
False
Is 696 a factor of 302203200?
True
Does 434 divide 4650290470?
True
Does 4511 divide 466718497?
False
Does 601 divide 18138781?
True
Is 548 a factor of 16753167?
False
Is 33401078 a multiple of 3467?
True
Is 3 a factor of 2479956?
True
Does 129 divide 31389828?
True
Is 39 a factor of 39517498?
False
Is 4 a factor of 243355212?
True
Is 19 a factor of 443674198?
False
Is 15088201 a multiple of 115?
False
Is 16 a factor of 1592958292?
False
Is 45 a factor of 23699880?
True
Does 9 divide 41631617?
False
Does 5 divide 30025?
True
Does 14 divide 87464622?
True
Does 8 divide 1021008944?
True
Is 124991832 a multiple of 28?
True
Does 2237 divide 413133634?
True
Is 1100 a factor of 3157933900?
True
Is 37 a factor of 1093163076?
True
Does 17 divide 17896491?
False
Is 51 a factor of 5710435?
False
Does 526 divide 4716116?
True
Is 667773 a multiple of 2?
False
Does 262 divide 4932099958?
True
Does 522 divide 207848338?
False
Is 82460617 a multiple of 51?
False
Is 565 a factor of 351591126?
False
Does 160 divide 134648160?
True
Does 22 divide 701513560?
True
Does 415 divide 512867511?
False
Is 301003033 a multiple of 15?
False
Is 117 a factor of 815798097?
False
Is 26898281 a multiple of 32?
False
Is 1128470287 a multiple of 917?
True
Is 210538931 a multiple of 12?
False
Is 191692162 a multiple of 38?
False
Does 23 divide 1285554298?
False
Does 70 divide 2681132860?
True
Does 204 divide 154624645?
False
Is 219 a factor of 25762823?
False
Is 18082518 a multiple of 669?
False
Is 2499033660 a multiple of 255?
True
Does 166 divide 731263698?
True
Is 906876168 a multiple of 264?
True
Is 23 a factor of 1130627123?
True
Is 16 a factor of 121197248?
True
Is 5 a factor of 8326982?
False
Is 3230 a factor of 630211781?
False
Does 329 divide 139751209?
False
Is 15 a factor of 319120802?
False
Does 31 divide 343093654?
False
Is 46320692 a multiple of 44?
True
Does 142 divide 68870226?
False
Is 157 a factor of 289149611?
False
Does 4 divide 250059496?
True
Does 1060 divide 31124780?
True
Is 6 a factor of 10200982?
False
Does 369 divide 28986462?
False
Is 1454922660 a multiple of 12?
True
Is 30 a factor of 7226951?
False
Does 5 divide 357427624?
False
Is 47647179 a multiple of 76?
False
Is 26249940 a multiple of 503?
False
Does 1717 divide 1100776401?
False
Is 106998593 a multiple of 13?
True
Does 26 divide 204350692?
True
Is 2800022 a multiple of 389?
True
Is 2067015 a multiple of 19?
False
Is 734905390 a multiple of 133?
False
Does 70 divide 591083360?
True
Is 118953380 a multiple of 1820?
True
Is 184928097 a multiple of 246?
False
Does 55 divide 131889725?
True
Is 113764756 a multiple of 849?
False
Does 13 divide 104232977?
False
Does 960 divide 39741120?
True
Is 187613300 a multiple of 805?
True
Is 1790808 a multiple of 6?
True
Is 112 a factor of 26378912?
True
Does 4843 divide 60151813?
False
Is 115315718 a multiple of 83?
True
Does 372 divide 12019320?
True
Is 16706280 a multiple of 276?
True
Is 13 a factor of 286080388?
False
Does 55 divide 7488145?
False
Is 111 a factor of 1680881325?
True
Is 476931840 a multiple of 320?
True
Is 25843104 a multiple of 72?
True
Is 69722856 a multiple of 3236?
True
Does 114 divide 149371918?
False
Is 53238863 a multiple of 12?
False
Is 2621056723 a multiple of 324?
False
Is 10 a factor of 12676600?
True
Is 443247935 a multiple of 49?
False
Does 5518 divide 1731564954?
True
Does 37 divide 6543875?
False
Does 11 divide 65121637?
False
Is 28 a factor of 20716668?
True
Is 180394571 a multiple of 591?
False
Is 3 a factor of 4643453?
False
Is 901 a factor of 3563371?
False
Is 94 a factor of 14839816?
False
Is 8 a factor of 499776534?
False
Is 43365217 a multiple of 874?
False
Is 18886350 a multiple of 14?
True
Is 62803570 a multiple of 36?
False
Is 663 a factor of 70349604?
True
Is 683852471 a multiple of 461?
True
Is 22 a factor of 325697460?
True
Is 42 a factor of 1523363788?
False
Is 135434376 a multiple of 374?
True
Is 22 a factor of 2601729?
False
Is 14 a factor of 1810628?
False
Is 50 a factor of 500270754?
False
Does 157 divide 7517906?
False
Is 1612225472 a multiple of 32?
True
Is 39 a factor of 136764247?
False
Does 431 divide 46329387?
False
Is 1699470 a multiple of 138?
True
Is 1104148730 a multiple of 823?
False
Does 220 divide 136056627?
False
Does 197 divide 1243354782?
False
Does 4 divide 89078698?
False
Is 1052 a factor of 58123000?
True
Is 452521584 a multiple of 12?
True
Is 10 a factor of 190716770?
True
Does 13120 divide 1294707840?
True
Is 17 a factor of 650856899?
False
Is 38523268 a multiple of 1854?
False
Does 70 divide 4047960?
True
Does 1158 divide 89040936?
True
Is 95603922 a multiple of 141?
True
Is 2066298363 a multiple of 302?
False
Is 615969826 a multiple of 13?
False
Is 192044820 a multiple of 205?
True
Is 88137357 a multiple of 769?
False
Is 11494717 a multiple of 82?
False
Is 463 a factor of 5433771?
False
Is 1147 a factor of 81815510?
True
Does 2132 divide 156832052?
True
Is 111 a factor of 5827056?
True
Does 216 divide 20139538?
False
Is 325 a factor of 9887475?
True
Does 102 divide 79222412?
False
Is 30 a factor of 90745928?
False
Is 25 a factor of 15123875?
True
Does 277 divide 342354272?
True
Is 2 a factor of 14555551?
False
Is 270 a factor of 15598440?
True
Does 344 divide 13321056?
True
Does 103 divide 264398734?
True
Is 8783636 even?
True
Is 2334 a factor of 876766690?
False
Does 2 divide 1722258?
True
Does 157 divide 650934840?
False
Is 692361117 a multiple of 12?
False
Does 248 divide 711438631?
False
Does 5482 divide 94099631?
False
Does 256 divide 50563297?
False
Is 22 a factor of 154874566?
True
Does 3729 divide 490747149?
False
Is 113 a factor of 221457528?
False
Is 22585832 a multiple of 1069?
True
Is 723 a factor of 9605055?
True
Does 8 divide 89032671?
False
Is 65067815 a multiple of 215?
True
Does 132 divide 28436331?
False
Is 979167546 a multiple of 1311?
True
Does 28 divide 194776258?
False
Is 56886272 a multiple of 128?
True
Does 273 divide 6010496?
False
Is 303001488 a multiple of 308?
False
Is 2236 a factor of 116131132?
True
Is 41 a factor of 78536525?
True
Is 17949690 a multiple of 30?
True
Is 95 a factor of 78494415?
True
Is 97 a factor of 234193159?
False
Is 26 a factor of 48165532?
False
Is 53687919 a multiple of 458?
False
Is 1920333466 a multiple of 1009?
False
Is 39473987 a multiple of 379?
True
Is 551 a factor of 455716396?
False
Is 35597930 a multiple of 98?
False
Does 26 divide 92641014?
False
Is 2418940048 a multiple of 83?
True
Does 41 divide 275378292?
False
Does 32 divide 7751111?
False
Is 16 a factor of 26377966?
False
Is 236 a factor of 687219?
False
Does 200 divide 262324000?
True
Does 810 divide 32775030?
True
Does 1023 divide 80614446?
True
Is 29102250 a multiple of 9?
False
Does 348 divide 32102652?
True
Does 20 divide 77286012?
False
Is 754 a factor of 28019711?
False
Does 86 divide 992824334?
True
Is 4 a factor of 7041586?
False
Does 9 divide 330242878?
False
Does 575 divide 1774452300?
True
Is 19909545 a multiple of 482?
False
Is 3525 a factor of 365017275?
True
Does 416 divide 476694400?
True
Does 4 divide 180190612?
True
Does 6 divide 16596896?
False
Is 179797541 a multiple of 1527?
False
Does 7 divide 427962677?
False
Does 7 divide 79936609?
False
Is 24830415 a multiple of 2895?
True
Is 9702004 a multiple of 13?
True
Is 12 a factor of 16557300?
True
Is 1776 a factor of 41546343?
False
Is 31 a factor of 446493?
True
Does 